me factors of 2316292776.
2, 3, 7, 487, 9437
What are the prime factors of 282532557?
3, 47, 73, 27449
What are the prime factors of 22221267?
3, 1579, 4691
What are the prime factors of 356317305?
3, 5, 23754487
What are the prime factors of 1079930043?
3, 29, 31, 44491
What are the prime factors of 8529737596?
2, 2132434399
What are the prime factors of 81009693?
3, 3000359
What are the prime factors of 3625703622?
2, 3, 201427979
List the prime factors of 549215.
5, 109843
What are the prime factors of 657958816?
2, 41, 501493
What are the prime factors of 691561129?
7, 98794447
What are the prime factors of 505112850?
2, 3, 5, 11, 102043
What are the prime factors of 69596497?
5779, 12043
What are the prime factors of 2787431?
1493, 1867
List the prime factors of 51754140.
2, 3, 5, 23, 463
List the prime factors of 1341039632.
2, 83, 1009819
What are the prime factors of 481676471?
37, 157, 283, 293
What are the prime factors of 379984145?
5, 7699, 9871
List the prime factors of 661799335.
5, 1163, 113809
List the prime factors of 128731468.
2, 31, 1038157
What are the prime factors of 2231531702?
2, 10601, 105251
What are the prime factors of 725192895?
3, 5, 7, 59, 2389
List the prime factors of 124448620.
2, 5, 271, 22961
What are the prime factors of 35978272?
2, 11, 43, 2377
List the prime factors of 56437194.
2, 3, 11, 227, 3767
List the prime factors of 961040149.
53, 101, 179533
What are the prime factors of 1406022655?
5, 17, 16541443
What are the prime factors of 2943222914?
2, 233, 6315929
What are the prime factors of 3708048869?
7, 37, 2711, 5281
What are the prime factors of 68972978?
2, 17, 2028617
What are the prime factors of 53086745?
5, 10617349
List the prime factors of 628447962.
2, 3, 1021, 102587
List the prime factors of 76521930.
2, 3, 5, 17, 19, 53, 149
List the prime factors of 164264745.
3, 5, 10950983
List the prime factors of 1683793690.
2, 5, 307, 331, 1657
List the prime factors of 238694891.
19, 61, 205949
What are the prime factors of 2016284511?
3, 41, 16392557
List the prime factors of 9877488.
2, 3, 23, 389
What are the prime factors of 196902136?
2, 1613, 15259
List the prime factors of 4884645439.
3709, 1316971
List the prime factors of 255208508.
2, 63802127
What are the prime factors of 9888742?
2, 4944371
List the prime factors of 96309800.
2, 5, 481549
List the prime factors of 1198447304.
2, 149805913
List the prime factors of 1916310.
2, 3, 5, 11, 5807
What are the prime factors of 956998715?
5, 83, 1289, 1789
What are the prime factors of 788451066?
2, 3, 13, 461, 7309
List the prime factors of 44885225.
5, 7, 11, 3331
List the prime factors of 3744204275.
5, 7, 269, 79537
List the prime factors of 24166576.
2, 7, 127, 1699
What are the prime factors of 1019747281?
7, 191, 108959
What are the prime factors of 352733215?
5, 137, 514939
List the prime factors of 39775811.
53, 750487
What are the prime factors of 96805598?
2, 149, 563, 577
What are the prime factors of 494941979?
7, 1571, 45007
List the prime factors of 44227517.
47, 941011
What are the prime factors of 34131725?
5, 1365269
List the prime factors of 436975615.
5, 2441, 35803
List the prime factors of 1748207213.
41143, 42491
List the prime factors of 164377959.
3, 54792653
What are the prime factors of 1981700314?
2, 11, 41, 761, 2887
What are the prime factors of 555220527?
3, 17, 19, 53, 569
What are the prime factors of 420146642?
2, 210073321
What are the prime factors of 79910801?
79910801
List the prime factors of 22879211.
19, 1204169
What are the prime factors of 521332192?
2, 16291631
What are the prime factors of 66226543?
17, 3895679
List the prime factors of 83790208.
2, 654611
What are the prime factors of 1389568743?
3, 19, 2708711
What are the prime factors of 1479461?
571, 2591
List the prime factors of 67891765.
5, 2927, 4639
List the prime factors of 51064527.
3, 17021509
What are the prime factors of 2301396633?
3, 37, 6911101
What are the prime factors of 45351574?
2, 31, 97, 7541
List the prime factors of 3717783983.
181, 20540243
List the prime factors of 201525110.
2, 5, 31, 650081
List the prime factors of 8525620758.
2, 3, 19, 3936113
What are the prime factors of 210196951?
2441, 86111
List the prime factors of 3505702644.
2, 3, 103, 241, 3923
List the prime factors of 23466774.
2, 3, 3911129
What are the prime factors of 87768660?
2, 3, 5, 7, 67, 3119
List the prime factors of 12021831.
3, 31, 53, 271
List the prime factors of 48846241.
4831, 10111
What are the prime factors of 2100659080?
2, 5, 13, 29, 139301
What are the prime factors of 15092428?
2, 13, 41, 7079
What are the prime factors of 535416533?
223, 2400971
List the prime factors of 1911775973.
613, 3118721
What are the prime factors of 542612870?
2, 5, 54261287
What are the prime factors of 41192850?
2, 3, 5, 101, 2719
List the prime factors of 2313856546.
2, 30181, 38333
What are the prime factors of 1940697234?
2, 3, 7, 163, 13499
List the prime factors of 1995132260.
2, 5, 11, 541, 16763
List the prime factors of 551259532.
2, 137814883
List the prime factors of 42079854.
2, 3, 71, 98779
What are the prime factors of 625509598?
2, 7, 6382751
List the prime factors of 409495822.
2, 204747911
List the prime factors of 1630829366.
2, 41, 1559, 12757
List the prime factors of 51457615.
5, 11, 935593
List the prime factors of 46919592.
2, 3, 17, 38333
What are the prime factors of 1493737219?
13, 114902863
What are the prime factors of 693302672?
2, 239, 181303
What are the prime factors of 918500444?
2, 229625111
What are the prime factors of 1741975035?
3, 5, 23, 5049203
What are the prime factors of 6214974236?
2, 113, 13749943
What are the prime factors of 195160740?
2, 3, 5, 3252679
List the prime factors of 2071431979.
523, 3960673
List the prime factors of 3741985121.
7, 37, 331, 43649
What are the prime factors of 68872439?
68872439
List the prime factors of 3224420905.
5, 431, 1496251
List the prime factors of 146671760.
2, 5, 41, 97, 461
What are the prime factors of 25755350?
2, 5, 53, 9719
What are the prime factors of 240774650?
2, 5, 19, 253447
What are the prime factors of 30487389?
3, 1619, 6277
List the prime factors of 122344778.
2, 181, 337969
What are the prime factors of 151564128?
2, 3, 1578793
List the prime factors of 104956981.
23, 4563347
List the prime factors of 1446079.
23, 62873
What are the prime factors of 16755240?
2, 3, 5, 139627
List the prime factors of 144847585.
5, 28969517
What are the prime factors of 6189041?
19, 59, 5521
List the prime factors of 1105823115.
3, 5, 24573847
What are the prime factors of 230454167?
37, 809, 7699
List the prime factors of 316762826.
2, 158381413
What are the prime factors of 4948389309?
3, 673, 2450911
What are the prime factors of 1928919?
3, 642973
List the prime factors of 420900182.
2, 210450091
What are the prime factors of 374453454?
2, 3, 1567, 39827
List the prime factors of 2865835350.
2, 3, 5, 7, 17, 17839
What are the prime factors of 3513171900?
2, 3, 5, 7, 1672939
What are the prime factors of 2952547550?
2, 5, 59050951
What are the prime factors of 187689141?
3, 587, 35527
List the prime factors of 792087344.
2, 1277, 38767
List the prime factors of 156865588.
2, 11, 3565127
What are the prime factors of 1944609183?
3, 11, 1459, 13463
What are the prime factors of 1823615242?
2, 3037, 300233
What are the prime factors of 44793572?
2, 17, 149, 4421
What are the prime factors of 2387883140?
2, 5, 19, 6283903
What are the prime factors of 101994260?
2, 5, 53, 96221
What are the prime factors of 3553523148?
2, 3, 7, 463, 91369
What are the prime factors of 2454273280?
2, 5, 197, 9733
What are the prime factors of 233829461?
97, 2410613
List the prime factors of 35122933.
197, 178289
List the prime factors of 1642436967.
3, 137, 389, 10273
What are the prime factors of 72290280?
2, 3, 5, 487, 1237
List the prime factors of 35234382.
2, 3, 5872397
List the prime factors of 2399391512.
2, 7, 42846277
What are the prime factors of 2636932581?
3, 773, 379033
What are the prime factors of 46975663?
7, 958687
What are the prime factors of 1108274509?
499, 719, 3089
What are the prime factors of 4110325230?
2, 3, 5, 11, 1132321
What are the prime factors of 79940490